l - 4. What is the units digit of n(x)?
8
Let r(h) = h**3 + 12*h**2 + 4*h + 3. What is the units digit of r(-11)?
0
Let r be (-6)/(-8) + 372/16. Let q be (1 - 0)/(1/2). Suppose -o + r = q*o. What is the units digit of o?
8
What is the tens digit of (-304)/(-10) - (-32)/(-80)?
3
What is the units digit of 10*(1 + 54/4)?
5
Let i(n) = n**3 + 4*n**2 - 3*n + 7. Let r be i(-5). Let g be ((-3)/(-1))/r - -19. Suppose -2*m - m + g = 2*y, 4*y = 0. What is the units digit of m?
6
Let r(j) = j**2 - j + 2. Suppose 4*d - 5 = 7. Let i be r(d). Suppose -12 = -5*n - 4*m, 2*m + 4 = 2*n - i. What is the units digit of n?
4
Suppose -2*r = -4*c - 30, r + 13 = -3*c + c. Let m = -3 - c. Suppose -9 = -g - 2*s, m*g - 3*s = 3*g + 14. What is the units digit of g?
1
Let w(b) = 2*b**3 + 3*b**2 - 5*b - 9. What is the tens digit of w(5)?
9
Let s be -3 + (-6)/(-2) + 11. Suppose -29 = -5*j + s. What is the units digit of j?
8
Let m = 4 + -2. Let o be ((-4)/(-5))/(4/10). Suppose 2*n + m*r + o = 3*n, -5*n + 16 = -4*r. What is the units digit of n?
4
Let k = 83 + -66. What is the units digit of k?
7
Let b(c) be the first derivative of -c**4/4 + c**3 + 2*c**2 - 3*c - 3. Let p be b(4). What is the tens digit of 15 + (-3 - -1) + p?
1
What is the tens digit of 3*5/((-20)/(-124))?
9
Let f be (1 + 9)*2/4. Let q be ((-4)/f)/(6/75). What is the units digit of (-5 + 3)*q/4?
5
What is the hundreds digit of (14/21)/(1/213)?
1
Let q be (-280)/45 - (-2)/9. Let k(j) = 1 + 4 - 5*j + 2*j + 2*j. What is the units digit of k(q)?
1
Let j(y) = y**2 + 7*y - 8. Let k be j(-7). Let q = 26 + k. What is the units digit of q?
8
Let a = -14 - -10. Let m(d) = -7*d - 7. What is the units digit of m(a)?
1
Let p be -2 - (-3)/1 - -25. Let q = p + -3. What is the units digit of q?
3
Suppose -4*p + 61 = 17. Suppose 0 = 4*f - 3*a - p, -f + a = -2*a + 4. What is the units digit of f?
5
Suppose 5*n = u - 48, -7*u - 3*n = -3*u - 100. What is the units digit of u?
8
Suppose 4*q - 1 = -5, 3*d - q = 169. What is the tens digit of d?
5
Let x = -4 - -4. Suppose -y + 6 - 37 = x. What is the units digit of (-1)/(-4) + y/(-4)?
8
Let t(z) be the first derivative of -z**4/4 - z**3/3 + 9*z + 22. Let v = 1 + -1. What is the units digit of t(v)?
9
Suppose -3*j = 2*j - 60. What is the tens digit of j/6*11/2?
1
Suppose -6 + 2 = -4*h. Suppose o + 3 = h. Let s = o - -3. What is the units digit of s?
1
Suppose -2*k + 3*j = -30, -2*k - 7 = -4*j - 35. Let a = -74 - -104. Let y = a - k. What is the tens digit of y?
1
Let z(s) = s**3 + 3*s**2 + 1. Let u be z(-3). Let f be (u - 1/3)*-3. Let j(r) = r + 4. What is the units digit of j(f)?
2
Let d = 188 - -9. What is the units digit of d?
7
What is the tens digit of 490/7 + 3*-1?
6
Let a(v) = -v**2 - 4*v - 2. Let g be a(-2). Let x be (-2 - -3)/(g + -3). What is the units digit of x*(-2 + -1)*2?
6
Let f(b) = -b. Let c be (-6)/(-27) + (-4)/18. Let k be f(c). Suppose -z - z - 5*r - 8 = k, 3 = -z - 2*r. What is the units digit of z?
1
Let j(l) = -4*l**3 + l**2. Suppose -5*z - 4*a = 0, -5*z = -0*z + 2*a. Suppose q = -z*q - 1. What is the units digit of j(q)?
5
Suppose f = 5*q - 2*q - 6, 5*f + 5*q - 10 = 0. Suppose -l + 3*r = l - 53, f = -l + 3*r + 31. What is the tens digit of l?
2
Suppose 5*q - 41 = 4. Let x = q + 1. What is the tens digit of x?
1
Suppose 236 = 7*p + 5. What is the units digit of p?
3
Let s = -2 - -1. Let y(q) = q + 1. Let n be y(s). Let r = n + 12. What is the units digit of r?
2
Suppose -4*z = -2*x + 10, 4*x = -0*x + 4*z + 16. What is the units digit of x?
3
Suppose 14*t - 2327 - 865 = 0. What is the tens digit of t?
2
Suppose -r + 4*b = -8, 0 = -r - 4*b - 0*b. Suppose j + r + 6 = 2*l, -3*l = 5*j + 50. Let d(q) = q**3 + 9*q**2 - 11*q - 2. What is the units digit of d(j)?
8
Let j(p) be the third derivative of 0*p - 2*p**2 + 1/6*p**3 + 1/120*p**6 - 1/20*p**5 + 0 + 1/24*p**4. What is the units digit of j(3)?
4
Let x(t) = -4*t**2 + 4*t - 2. Let h be x(4). Suppose -2*u = 2*i + 62, 4*i - 3*u + 28 + 82 = 0. Let r = i - h. What is the units digit of r?
1
Let q(u) = u**2 - 6*u + 5. Let h = -3 + 6. Suppose 0 = 2*t + h - 15. What is the units digit of q(t)?
5
Let d(y) = 22*y**2 + 1. What is the tens digit of d(-1)?
2
Suppose -203 - 298 = -3*r. What is the hundreds digit of r?
1
Let f(k) = -2*k - 11. What is the tens digit of f(-12)?
1
Let i(w) = 5*w**2 + 2*w - 5. What is the units digit of i(4)?
3
Let f(k) = k**3 - 7*k**2 - 12*k - 4. Let b be f(9). Let h = b + -30. Suppose -5*o - h + 65 = 0. What is the units digit of o?
9
Suppose -r - s = 7, -r = -5*r + 3*s - 63. What is the tens digit of (-232)/r - 2/6?
1
Let g = -44 - -62. Suppose -4*u + 3*t + g = -2*u, 5*t = 2*u - 26. Suppose u*w - 3*v - 30 = 0, 0 = 2*v - 0*v. What is the units digit of w?
0
Let o(q) = -q**2 + 4*q - 4. Let d be o(4). Let m = d + 15. Let p = m + -3. What is the units digit of p?
8
Let m be 2 - -1 - (-1 + 1). Suppose -5*t + 2 = -3*d, 36 = d + m*d + 3*t. Suppose a + d - 17 = 0. What is the tens digit of a?
1
Let w(o) = -o. Let y(k) = -k - 6. Let d be y(-6). Let j be w(d). Suppose j = -3*r - t + 5 + 2, -5*r - t + 9 = 0. What is the units digit of r?
1
Let c be (3/3)/(-1) - -5. Suppose 0*q + q = c. Suppose 4*y + 0*d - 20 = 2*d, q*d - 15 = -3*y. What is the units digit of y?
5
Suppose -5*j - 3*k = 39 - 1, 4*j + 5*k = -20. Let d be ((-3)/2)/(1/(-10)). Let x = d + j. What is the units digit of x?
5
Let a = 666 - 419. What is the tens digit of a?
4
Suppose 3*c = -5*v + 197, -v = -4*v - 6. Suppose -2*h - 225 + c = 0. What is the units digit of ((-2)/(-4))/((-3)/h)?
3
Suppose -3*v - 2 + 11 = 0. Suppose -3*g + v*j - 33 = -6*g, -4*g + j + 44 = 0. What is the tens digit of g?
1
Let z be -2 - 3*3/9. Let a(o) = 4*o + 1. Let l be a(2). What is the tens digit of 8/(1 + z/l)?
1
Suppose -4*w = -4*s - 96, 0 = 2*w - w - 4*s - 39. What is the units digit of w?
9
Suppose 0 = 6*y - 223 - 107. What is the tens digit of y?
5
Suppose -267 = 7*c - 10*c. What is the tens digit of c?
8
Suppose j = p, -2*p = 3*p - 3*j. Suppose p = -w + 3 - 2. What is the units digit of w?
1
Suppose 77 + 619 = 12*z. What is the units digit of z?
8
Suppose 3*f - 2*t + 3*t - 533 = 0, 5*t = 5*f - 875. What is the hundreds digit of f?
1
Suppose -2*s = -0*s - f + 3, s - 4*f + 12 = 0. Suppose 3*t + 4*k + s*k = -7, 3*t - 3*k = 21. Suppose -t*y = y - 4. What is the units digit of y?
1
Let z = -102 - -196. What is the units digit of z?
4
What is the hundreds digit of (0 - 1)/(-1 + 292/294)?
1
Let x = -13 - -4. What is the units digit of 833/63 - (-2)/x?
3
Let d(u) = -67*u + 20. What is the hundreds digit of d(-5)?
3
What is the tens digit of 6/21 + (35650/35)/5?
0
Let o = -578 + 927. What is the units digit of o?
9
Let b(l) = l**2 + 6*l + 7. Let g be b(-8). Suppose -4*x + g = -85. What is the units digit of x?
7
Let a(p) = -1 + p**3 + p**2 - 1 + 0*p**2. What is the units digit of a(2)?
0
Let j = 7 + -4. Suppose 2*c + j = 3*r - 0*c, -3*c = -4*r + 3. What is the units digit of r?
3
Let x = -462 + 662. What is the tens digit of x?
0
Suppose 5*z - 10 + 39 = i, -25 = 5*z. Let y(d) = -i + 3 + 0 + d**2 + 6*d. What is the units digit of y(-7)?
6
Let w(g) = -g**3 + 8*g**2 - g + 4. Let h be w(8). Let l be (-9)/(-6)*h/6. What is the units digit of -8*l*(1 - 0)?
8
What is the tens digit of 2 - ((-28)/98 - 880/7)?
2
Let o(d) = 2*d - 3. Let l(a) = 2*a**2 - 4*a. Let y be l(3). Let p be o(y). Let s = p - 3. What is the units digit of s?
6
Suppose -1 = 2*m + 1. What is the units digit of (4 - m)*462/55?
2
Let n = 1 + 2. Suppose -y = 3*f + 12, -3*y = n*f + 9 - 3. What is the units digit of y?
3
Let n = 2 + -2. Let f be n*2/(1*-2). Suppose h = -f + 5. What is the units digit of h?
5
What is the hundreds digit of (-1071)/(-7) + 2/2?
1
Suppose 7 = -y + 12. Suppose b + y*z + 19 = 0, 3*b + 5*z + 2 = -5. What is the units digit of b?
6
What is the hundreds digit of (255/20)/((-3)/(-32))?
1
Suppose 2*l - 4*g - 2 - 6 = 0, -5*l = 3*g - 72. What is the tens digit of l?
1
Let y = -200 - -291. What is the tens digit of y?
9
Let k(p) = p**3 + 8*p**2 + 7*p + 4. Suppose 4*s - a + 16 = -71, -5*s = 5*a + 115. Let q be (-4)/s + 237/(-33). What is the units digit of k(q)?
4
Suppose -61 + 9 = -2*a. What is the units digit of a?
6
Suppose 0 = -2*t + y + 3, 0 = -4*t - 2*y + 2. Suppose -3*v + t = -2*v. Let n 